3*a**2 + 4 + a**3. What is v(-4)?
-4
Let f(r) be the first derivative of -r**3/3 + 5*r**2/2 - r - 1. Let b(u) = -u**2 - 6*u - 2. Let m be b(-5). Calculate f(m).
5
Suppose -3*s + 6*s = 12, -3 = l - 2*s. Suppose -4*i - 6 = -26, 31 = -2*q + l*i. Let h(j) = -j**2 - j + 2. Calculate h(q).
-4
Let z(t) = t + t + 2*t. Suppose -4*n + 18 = x, -4*x - 35 = x - 5*n. What is z(x)?
-8
Let o(n) = 10*n. Let q be 3/(-12) - 5/(-4). Give o(q).
10
Let i be ((-36)/(-27))/((-2)/(-6)). Let d(t) = 7*t**2 + i*t - 5*t - 5*t - t**3 - 4. Calculate d(6).
-4
Let w(b) be the second derivative of b**5/20 + 5*b**4/12 + 2*b**3/3 + 3*b**2/2 - 3*b. Give w(-5).
-17
Let d = -9 - -12. Let x(k) be the third derivative of 1/60*k**5 - 3*k**2 + 0 - 1/12*k**4 - 1/3*k**d + 0*k. Calculate x(-2).
6
Let u = 49 + -50. Let s(o) = -15*o**3 - 1. Calculate s(u).
14
Suppose -141*m + 20 = -136*m. Let n(t) = -t**2 - 2. Determine n(m).
-18
Let g(d) = d**3 - 4*d**2 - 4*d - 2. Suppose 4*p - 3 = 17. Determine g(p).
3
Suppose 0*q + 4*q = -4*m + 36, -4*q = 3*m - 29. Let n(l) = -l**3 + 8*l**2 - 9*l + 10. Calculate n(m).
-4
Let q(p) = 2*p. Suppose 3*r - 6 = -0*r. Suppose 2*g + 0 = r. What is q(g)?
2
Let a(o) be the third derivative of -o**7/2520 - o**5/30 - o**4/24 + o**2. Let y(n) be the second derivative of a(n). Give y(0).
-4
Let u(a) = -a - 1. Let m(f) = -5*f**3 - f**2 + 3*f + 5. Let o(v) = m(v) + 4*u(v). Suppose -4*t + 24 = -5*p, 2*t - 2*p + 2 = -3*p. Calculate o(t).
-6
Suppose -w - 2 = -3. Let u(c) = c**2 - c. Let g(x) = -3*x**2 - 2*x - 1. Let z(v) = w*g(v) + 2*u(v). Calculate z(-5).
-6
Let q(p) = 0*p - 4*p + p**2 - p - 2*p - 2. Calculate q(7).
-2
Let q = -2 - -2. Suppose -4*p = -q - 12. Let r(x) = -x**3 + 2*x**2 + x - 1. Give r(p).
-7
Let g(y) = -2*y**2 - 9*y + 9. Let m be -1 + (0 - (-3 + 9)). What is g(m)?
-26
Let j = -4 - -8. Let y(o) = -o**2 + 3*o - 1. Give y(j).
-5
Let s(j) = -2*j - 1 + 6*j + 4 + j + 2*j**2. Determine s(-3).
6
Let p(t) be the third derivative of t**9/60480 - t**8/20160 - t**7/5040 - t**6/90 + t**5/20 - t**2. Let i(a) be the third derivative of p(a). What is i(0)?
-8
Suppose 16*o = 22*o + 12. Let l(m) = -m**3 - 2*m**2 + 4*m + 3. Give l(o).
-5
Let m = 12 + -12. Suppose -2*t = -10 - m. Let b(g) = g**3 - 6*g**2 + 4*g + 2. What is b(t)?
-3
Let t(b) = 4*b**2 - 6*b - 42 - 3*b**2 - 37 + 82. Let r be (4/6)/(2/6). Determine t(r).
-5
Let c(u) = -3*u**2 + 4*u - 4. Let m(n) = 3*n**2 - 5*n + 5. Let q(x) = -5*c(x) - 4*m(x). Suppose -10 = -2*h + 4*f, -h - 4*f - 8 = -5*h. Determine q(h).
3
Let m(b) = -b**2 + 4*b. Let i be (-30)/9*6/(-5). Give m(i).
0
Let c = -35 + 40. Let x(a) = -a + 3. What is x(c)?
-2
Let i(y) = -3*y**2 + 2*y + 25. Let v(o) = -2*o**2 + o + 17. Let n(q) = -5*i(q) + 7*v(q). Calculate n(6).
12
Let w(z) = z - 5. Let l = 13 + -11. Suppose 3*g = 3*v - 18, -v + l*g + 3*g = -10. Calculate w(v).
0
Let c(l) = l. Let b = -4 - -1. Determine c(b).
-3
Let y(z) be the first derivative of 1/6*z**3 - 1/120*z**6 + 4 + 1/30*z**5 + 0*z - 1/12*z**4 - z**2. Let w(x) be the second derivative of y(x). Determine w(2).
-3
Let j(h) = -3 + 0 - 5*h - 2*h**3 + 2*h**3 + 5*h**2 - h**3. Suppose -2*p + 3 + 5 = 0. Suppose 3 = p*b - 13. What is j(b)?
-7
Let b = 14 - 12. Let f(m) be the second derivative of -5/6*m**3 + 3*m + 0 - 1/12*m**4 + 0*m**b. What is f(-6)?
-6
Let v(g) be the first derivative of g**2/2 + 6*g - 8. Calculate v(-6).
0
Suppose 0 = 2*j + 2. Let q be j/(-2) - 11/2. Let f(v) = 22*v + 18. Let x(y) = -7*y - 6. Let w(n) = -5*f(n) - 16*x(n). Give w(q).
-4
Let n(s) = -s - 5. Suppose 0 = -4*b + 12 + 16. Let a = 31 - b. Suppose 4*o - 4 = 4*u - a, 0 = -5*o + 2*u - 22. Calculate n(o).
-1
Let o(v) = 1. Let k(d) = d + 2. Let n(c) = k(c) + 3*o(c). Determine n(-7).
-2
Let d = 21 + -14. Let f = d + -3. Suppose -2*t - f = -2. Let y(r) = 8*r**3 - 1. Give y(t).
-9
Let h(y) = y - 11 + 6 + 10. Calculate h(-8).
-3
Let c = -7 + 10. Let u(h) = -3*h - 3. Let n(q) = 3*q + 2. Let y(m) = c*u(m) + 4*n(m). Calculate y(1).
2
Let w(q) = -4 + 8 + 4*q + 4*q - 7*q. Give w(-8).
-4
Let k be 6 + 4/(-2) - -2. Let b(r) be the third derivative of r**6/120 - r**5/10 + r**4/12 - 4*r**3/3 + 3*r**2. What is b(k)?
4
Let q(d) = 2*d + 3. Let t = -23 - -10. Let w = 10 + t. Determine q(w).
-3
Suppose -4*z + 36 = -6*z. Let y be z/(-4) - (-1)/(-2). Let k(r) = 2 + 2 - y*r**2 - r**3 + 0. What is k(-4)?
4
Let r be 0/(2 + (-3 + 3)*1). Let k(s) = s - 8. Calculate k(r).
-8
Let f(x) = 2*x + 13. Suppose 6*y = 2*y - 280. Let h be y/(-21)*(-12)/(-10). Let c(g) = g + 6. Let t(r) = h*f(r) - 9*c(r). Calculate t(-5).
3
Let v(z) = -2*z - 8 + 9 + 0*z + 3. Suppose 3*s + 0*s = 9. Calculate v(s).
-2
Let g(j) = -j**2 - 4*j. Let h be (-3 - -5)/((-3)/3). Give g(h).
4
Let q(b) = 5. Let p(c) = -2*c + 13. Let y(m) = 3*m - 20. Let h(j) = -8*p(j) - 5*y(j). Let s(k) = 2*h(k) + 3*q(k). Calculate s(-6).
-5
Let f(n) = n**2 + 2*n - 1. Let g be -2 + 1/(-1)*-10. Suppose 3*q = q - g. Calculate f(q).
7
Let z(i) = -5 - 8*i**3 + 2 + 2. Determine z(-1).
7
Let r(o) be the second derivative of -o**5/20 + 2*o**4/3 - o**3 - 5*o**2/2 - 6*o. Give r(7).
2
Let j(t) = -3*t + 7. Suppose 0 = -2*s + 8 + 2. Let d(u) = 5*u - 11. Let l(z) = s*d(z) + 7*j(z). Determine l(4).
10
Let h(o) = -1 + 0*o**3 + 5*o**3 - 4*o**3. Let n be h(-1). Let v(w) = -w**2 - w. Give v(n).
-2
Let v be ((-3)/5)/((-1)/5). Let s(j) = -4*j**2 + 2*j + j - j**3 - j**3 + 4*j**v. Determine s(2).
6
Let a(d) be the first derivative of d**3/3 + d + 3. Let w(h) = h + 3. Let u(s) = 4*a(s) - w(s). Determine u(1).
4
Let r(s) = s**2 + 9*s - 2. Let c = 167 + -174. Determine r(c).
-16
Suppose -5*w - 13 = -3. Let x(h) = 6*h. Let q(y) = y**2 - 7*y + 1. Let k(u) = -2*q(u) - 3*x(u). Determine k(w).
-2
Let y(b) = -3*b - 4*b + 5*b - 3. Let x(k) = k**3 + 3*k**2 - 3*k - 1. Let q be x(-4). Give y(q).
7
Suppose -3*w + 83 = -16. Let k = w - 18. Let o be -2*3/k*-5. Let f(y) = 4*y - 1. Calculate f(o).
7
Let r(u) be the third derivative of 1/120*u**6 - 2*u**2 + 0*u**3 + 1/24*u**4 - 1/12*u**5 + 0 + 0*u. Determine r(2).
-10
Let t(f) be the third derivative of f**6/120 - f**5/30 - f**4/12 - f**2. Suppose -3*v = -8 + 11. Let q be (v - -2)*(10 - 7). Determine t(q).
3
Let t(f) = -2*f - 2 + 16*f**2 - 21*f**2 + 0*f**3 - f**3 - f. Calculate t(-3).
-11
Let g(z) = -3*z - 2*z**2 + 13*z - 3*z. Let m(v) = 3*v**2 - 13*v - 1. Let h(c) = 5*g(c) + 3*m(c). Calculate h(-2).
1
Suppose -3*j - 2*j - w - 34 = 0, 0 = j + 4*w + 22. Let v(d) be the third derivative of -d**5/60 - 5*d**4/24 + 5*d**3/6 + 3*d**2. What is v(j)?
-1
Let r(n) = -5*n**2 + n + 1. Let b(t) = -5*t**2 + t + 1. Let u(c) = -3*b(c) + 4*r(c). Suppose -6*j + 3*j = 3. Calculate u(j).
-5
Let y(f) = f**3 - 3*f**2 - f - 4. Let p(z) = z + 16. Let c be p(-13). Give y(c).
-7
Suppose -3*r - 4 = -1. Let z(i) = i**2 - 4*i + 7. Let h(b) = -3*b**2 + 11*b - 20. Let m(n) = 6*h(n) + 17*z(n). What is m(r)?
0
Let p(k) = k**2 - 7*k + 3. Let q = 5 + -9. Let y be (-25)/q + (-5)/20. Give p(y).
-3
Let f(x) be the second derivative of 2*x**4/3 + 8*x. Give f(-1).
8
Let y(t) be the first derivative of 2*t**3/3 - 3*t**2/2 - 5*t + 51. What is y(4)?
15
Let f(s) = 1. Let m(h) = 17*h + 3. Let v(o) = -4*f(o) + m(o). Calculate v(1).
16
Let g be ((-4)/(-6))/((-3)/9). Let u be (0 - (2 + -2)) + 3. Let s(h) = 2*h - 5 + 2 + 4*h**2 + 2*h**u + 1. Give s(g).
-6
Suppose 0 = 5*v - 3*c + 5*c - 128, -4*c + 64 = 2*v. Let m be v/15 + 2/5. Let h(k) = 1 - k**3 + 1 + 0 - k + k**2. Determine h(m).
-4
Suppose 0 = 3*h - 4*m - 5, 4*h + m - 14 = -m. Let d(l) = 2*l**3 - 5*l**2 + 2*l + 1. Determine d(h).
16
Suppose -2*z = -2*g - 6*z - 16, g + 2 = 4*z. Let c(k) = -k**3 - 5*k**2 + 6*k - 8. Give c(g).
-8
Let l(w) = 3*w**3 + 7*w**2 + 0*w**3 + 2*w + 6 - 2*w**2 - 8. Let f(i) = 7*i**3 + 10*i**2 + 4*i - 3. Let g(j) = -2*f(j) + 5*l(j). Determine g(-4).
4
Suppose 11 = -y + 3*u, 0 = -4*y - 2*u + 10 + 2. Let q be y/(33/12 - 3). Let l(i) = -4 + 3 - 2*i - 1. Calculate l(q).
6
Let k = 5 + -3. Let h(x) = 3*x**3 - 2*x + 8*x**2 - 9*x**k + x**3 - 1. Calculate h(-1).
-4
Let v(y) = y - 1. Let t = 1 + 1. Let c be v(t). Let i(m) = 5*m + 1. Calculate i(c).
6
Let i(p) = -p**3 - 5*p**2 - 5*p + 2. Suppose 3*h = 8*h + 20. Let o = 0 + h. Calculate i(o).
6
Let v(f) = -f**2 - f - 1. Let u be (3 - (2 + 0))*-1. Let k(g) = -1. Let d(b) = u*v(b) + 4*k(b). Let y(l) = -l**2 + 15*l + 57. Let i be y(18). 